 of 120 and 7350.
30
What is the greatest common factor of 384 and 63872?
128
Calculate the greatest common divisor of 7326 and 2775.
111
Calculate the greatest common divisor of 516 and 11567.
43
What is the greatest common factor of 36 and 5752?
4
Calculate the highest common factor of 803 and 1011123.
73
What is the greatest common factor of 770 and 1610840?
770
What is the highest common factor of 99047 and 19?
19
Calculate the greatest common factor of 6 and 6033.
3
Calculate the highest common factor of 52 and 43004.
52
Calculate the highest common factor of 6794101 and 289.
289
What is the highest common factor of 161 and 119508?
23
Calculate the highest common divisor of 15 and 135165.
15
Calculate the highest common factor of 128 and 156208.
16
Calculate the greatest common factor of 6349587 and 3174.
1587
What is the highest common factor of 117149 and 62?
31
What is the greatest common factor of 3819 and 1197893?
1273
What is the highest common divisor of 7 and 465731?
7
What is the greatest common factor of 60 and 3070?
10
What is the greatest common factor of 1731438 and 4644?
774
Calculate the highest common divisor of 2904 and 131043.
363
What is the greatest common divisor of 94 and 4841?
47
Calculate the greatest common divisor of 8 and 15946632.
8
Calculate the greatest common divisor of 41075 and 78275.
775
Calculate the greatest common divisor of 1138722 and 13.
13
What is the greatest common divisor of 228 and 74252?
76
What is the highest common factor of 191935 and 667?
23
Calculate the highest common divisor of 11376 and 1638.
18
Calculate the highest common divisor of 323 and 1273.
19
Calculate the highest common divisor of 27 and 8739.
9
Calculate the greatest common divisor of 19943 and 143.
11
What is the highest common factor of 23972 and 91?
13
Calculate the highest common divisor of 18602 and 13774.
142
Calculate the greatest common divisor of 84606 and 354.
354
Calculate the greatest common divisor of 464 and 15254.
58
Calculate the highest common factor of 117 and 2470221.
117
Calculate the greatest common divisor of 180 and 46404.
36
What is the greatest common factor of 556220 and 959?
959
What is the greatest common factor of 2413 and 39370?
127
What is the greatest common divisor of 387 and 150457?
43
Calculate the highest common divisor of 355560 and 312.
24
What is the highest common factor of 10600 and 56392?
424
Calculate the greatest common factor of 442 and 20944.
34
Calculate the greatest common divisor of 2164 and 75199.
541
Calculate the greatest common factor of 726 and 306856.
242
Calculate the highest common divisor of 1028 and 1310957.
257
What is the highest common divisor of 267290 and 30?
10
What is the greatest common divisor of 82788 and 36?
12
What is the highest common factor of 69 and 42527?
23
Calculate the greatest common factor of 54710 and 30.
10
What is the highest common divisor of 693 and 89649?
63
What is the highest common factor of 23440 and 340?
20
What is the highest common factor of 2745 and 510?
15
Calculate the greatest common factor of 104 and 104608.
8
Calculate the highest common divisor of 129 and 408027.
129
Calculate the highest common factor of 2601376 and 16.
16
What is the highest common factor of 4029330 and 570?
570
Calculate the greatest common factor of 154 and 1384.
2
What is the highest common factor of 9152 and 1947?
11
What is the greatest common factor of 25499 and 5337?
593
What is the highest common factor of 6214 and 16?
2
Calculate the highest common factor of 4767 and 678.
3
Calculate the greatest common divisor of 39 and 88439.
13
Calculate the greatest common divisor of 189 and 14084847.
189
Calculate the greatest common divisor of 316 and 2041518.
158
What is the highest common factor of 184604 and 532?
532
Calculate the highest common divisor of 33 and 74767.
11
What is the highest common factor of 33 and 307527?
33
What is the greatest common divisor of 2660 and 5510?
190
What is the greatest common divisor of 2400 and 7340?
20
Calculate the greatest common factor of 20 and 94570.
10
What is the greatest common divisor of 432 and 2889?
27
What is the highest common divisor of 84 and 10794?
42
Calculate the greatest common factor of 15730 and 416.
26
What is the highest common divisor of 35 and 402010?
35
What is the highest common factor of 39264 and 2304?
96
What is the greatest common factor of 79076 and 8639?
53
Calculate the greatest common factor of 81 and 32400.
81
Calculate the greatest common factor of 900 and 1313550.
450
Calculate the greatest common divisor of 76 and 61718.
2
Calculate the greatest common factor of 181203 and 1672.
209
What is the highest common factor of 369006 and 55?
11
Calculate the greatest common divisor of 22762 and 3002.
38
Calculate the greatest common factor of 16 and 2663.
1
What is the greatest common factor of 118 and 1475?
59
Calculate the greatest common divisor of 1095 and 17155.
365
What is the greatest common factor of 420882 and 6?
6
What is the highest common divisor of 12 and 15030276?
12
What is the highest common factor of 160 and 34?
2
What is the highest common factor of 12 and 3921?
3
Calculate the greatest common factor of 585 and 29367.
117
Calculate the greatest common divisor of 943352 and 296.
296
What is the highest common divisor of 2580 and 659620?
860
What is the greatest common factor of 603 and 22294719?
603
Calculate the highest common divisor of 142 and 167418.
142
Calculate the highest common factor of 180 and 614340.
180
Calculate the greatest common divisor of 1074601 and 242.
121
What is the greatest common factor of 57065 and 113?
113
Calculate the highest common divisor of 1377 and 952425.
459
What is the greatest common divisor of 34 and 182053?
17
What is the highest common divisor of 111837 and 9?
3
What is the highest common factor of 17 and 222751?
17
Calculate the greatest common factor of 18770 and 80.
10
What is the greatest common factor of 322 and 561729?
161
What is the highest common factor of 94 and 1064926?
94
Calculate the greatest common factor of 51666 and 3792.
474
Calculate the greatest common divisor of 1284525 and 11.
11
What is the greatest common divisor of 32307 and 24684?
363
What is the highest common factor of 104223 and 147?
147
Calculate the greatest common factor of 344141 and 633.
211
What is the highest common divisor of 18 and 1146402?
18
What is the greatest common factor of 6142 and 6?
2
Calculate the highest common factor of 63142 and 4820.
482
Calculate the highest common factor of 6161 and 13969.
61
What is the highest common factor of 186 and 17477862?
186
Calculate the highest common factor of 130338 and 1098.
18
What is the highest common factor of 288 and 4064?
32
What is the greatest common factor of 491 and 265631?
491
What is the greatest common divisor of 28686 and 840?
42
What is the greatest common factor of 8 and 88600?
8
Calculate the highest common factor of 1134 and 707.
7
What is the greatest common divisor of 291 and 6696201?
291
Calculate the greatest common divisor of 538 and 20274530.
538
Calculate the greatest common divisor of 14 and 208936.
14
Calculate the greatest common factor of 233 and 40309.
233
Calculate the greatest common factor of 269583 and 276.
69
Calculate the greatest common factor of 67 and 54337.
67
Calculate the highest common factor of 61884 and 33048.
324
Calculate the highest common factor of 4747 and 150389.
101
What is the greatest common factor of 76 and 3509262?
38
What is the highest common divisor of 53 and 1886959?
53
Calculate the greatest common factor of 1274 and 17108.
182
Calculate the greatest common factor of 33852 and 420.
84
What is the highest common divisor of 32 and 703408?
16
What is the highest common factor of 280 and 88095?
35
What is the highest common divisor of 81 and 8409?
3
What is the greatest common factor of 31836 and 1428?
84
What is the greatest common divisor of 42 and 25746?
42
Calculate the highest common factor of 3606291 and 338.
169
Calculate the highest common divisor of 18312 and 2856.
168
Calculate the highest common factor of 112706 and 55.
11
Calculate the highest common divisor of 54526 and 6.
2
Calculate the greatest common divisor of 210 and 3